{"id":2266,"date":"2016-02-29T14:46:13","date_gmt":"2016-02-29T17:46:13","guid":{"rendered":"http:\/\/biblioteca.puspsc.usp.br\/?page_id=2266"},"modified":"2016-02-29T14:46:13","modified_gmt":"2016-02-29T17:46:13","slug":"programa-acervo-literario-itinerante","status":"publish","type":"page","link":"http:\/\/biblioteca.puspsc.usp.br\/index.php\/programa-acervo-literario-itinerante\/","title":{"rendered":"Programa Acervo Liter\u00e1rio Itinerante"},"content":{"rendered":"<p align=\"justify\">O Programa Acervo Itinerante tem por objetivo promover o acesso \u00e0 literatura dispon\u00edvel nas bibliotecas da USP e, atrav\u00e9s de interc\u00e2mbio de itens dos acervos, encurtar a dist\u00e2ncia entre o leitor e o livro, ampliando e diversificando as op\u00e7\u00f5es.<\/p>\n<p align=\"justify\">A motiva\u00e7\u00e3o para a concep\u00e7\u00e3o do Programa se deu pela percep\u00e7\u00e3o de que os usu\u00e1rios da Biblioteca da PUSP-SC t\u00eam interesse tamb\u00e9m por literatura e, n\u00e3o tendo a possibilidade de aquisi\u00e7\u00e3o, buscou-se uma alternativa para suprir esta demanda.<\/p>\n<p align=\"justify\">A Biblioteca da PUSP-SC em parceria com a Biblioteca do Centro de Divulga\u00e7\u00e3o Cient\u00edfica e Cultural (CDCC) fez o lan\u00e7amento do referido Programa na XVIII Semana do Livro e da Biblioteca o Programa Acervo Itinerante que prev\u00ea um piloto a ser realizado de 19\/10\/2015 a 31\/03\/2016 da seguinte forma:<\/p>\n<li>a Biblioteca do CDCC alocou na Biblioteca da PUSP-SC o primeiro lote com 40 livros de literatura que foram disponibilizados em uma estante separada do acervo e com identifica\u00e7\u00e3o do Programa e orienta\u00e7\u00f5es para empr\u00e9stimo;<\/li>\n<li>os empr\u00e9stimos dever\u00e3o ser feitos no Servi\u00e7o de Refer\u00eancia em um micro com o ID da Biblioteca do CDCC e em conformidade com a Portaria GR-4.830, publicada no Di\u00e1rio Oficial de 01\/10\/2010, institui e regulamenta o empr\u00e9stimo de material bibliogr\u00e1fico das Bibliotecas do Sistema Integrado de Bibliotecas da USP (SIBi\/USP), denominado de Empr\u00e9stimo Unificado;<\/li>\n<li>as devolu\u00e7\u00f5es ser\u00e3o feitas na Biblioteca da PUSP-SC;<\/li>\n<li>cada lote de livros ficar\u00e1 alocado na Biblioteca da PUSP-SC por 3 meses;<\/li>\n<li>a cada 3 meses ser\u00e3o alocados outro lote de livros.<\/li>\n<p><\/br><\/p>\n<p align=\"justify\">A ideia \u00e9, ap\u00f3s a realiza\u00e7\u00e3o deste piloto, estender a parceria entre as Bibliotecas que se interessarem pelo Programa Acevo Itinerante e as Bibliotecas participantes poderem n\u00e3o s\u00f3 receber os livros da Biblioteca do CDCC como disponibilizar itens de seu acervo para serem alocados em outras Bibliotecas da USP.<\/p>\n<p align=\"justify\">Esta proposta for encaminhada do DT\/SIBiUSP visando estende-la a todas as Bibliotecas do Sistema com a denomina\u00e7\u00e3o de Acervo Liter\u00e1rio Itinerante da USP. Para tanto j\u00e1 est\u00e1 em estudos as solu\u00e7\u00f5es t\u00e9cnicas e pol\u00edticas para viabiliza\u00e7\u00e3o da proposta.<\/p>\n","protected":false},"excerpt":{"rendered":"<p>O Programa Acervo Itinerante tem por objetivo promover o acesso \u00e0 literatura dispon\u00edvel nas bibliotecas da USP e, atrav\u00e9s de interc\u00e2mbio de itens dos acervos, encurtar a dist\u00e2ncia entre o leitor e o livro, ampliando e diversificando as op\u00e7\u00f5es. A motiva\u00e7\u00e3o para a concep\u00e7\u00e3o do Programa se deu pela percep\u00e7\u00e3o de que os usu\u00e1rios da [&hellip;]<\/p>\n","protected":false},"author":2,"featured_media":0,"parent":0,"menu_order":0,"comment_status":"open","ping_status":"open","template":"","meta":{"footnotes":""},"class_list":["post-2266","page","type-page","status-publish","hentry"],"_links":{"self":[{"href":"http:\/\/biblioteca.puspsc.usp.br\/index.php\/wp-json\/wp\/v2\/pages\/2266","targetHints":{"allow":["GET"]}}],"collection":[{"href":"http:\/\/biblioteca.puspsc.usp.br\/index.php\/wp-json\/wp\/v2\/pages"}],"about":[{"href":"http:\/\/biblioteca.puspsc.usp.br\/index.php\/wp-json\/wp\/v2\/types\/page"}],"author":[{"embeddable":true,"href":"http:\/\/biblioteca.puspsc.usp.br\/index.php\/wp-json\/wp\/v2\/users\/2"}],"replies":[{"embeddable":true,"href":"http:\/\/biblioteca.puspsc.usp.br\/index.php\/wp-json\/wp\/v2\/comments?post=2266"}],"version-history":[{"count":0,"href":"http:\/\/biblioteca.puspsc.usp.br\/index.php\/wp-json\/wp\/v2\/pages\/2266\/revisions"}],"wp:attachment":[{"href":"http:\/\/biblioteca.puspsc.usp.br\/index.php\/wp-json\/wp\/v2\/media?parent=2266"}],"curies":[{"name":"wp","href":"https:\/\/api.w.org\/{rel}","templated":true}]}}