{"id":46,"date":"2013-10-15T06:00:32","date_gmt":"2013-10-15T09:00:32","guid":{"rendered":"http:\/\/biblioteca.puspsc.usp.br\/?page_id=46"},"modified":"2018-04-03T17:24:54","modified_gmt":"2018-04-03T20:24:54","slug":"missao-visao-e-valores","status":"publish","type":"page","link":"http:\/\/biblioteca.puspsc.usp.br\/index.php\/missao-visao-e-valores\/","title":{"rendered":"Miss\u00e3o, Vis\u00e3o e Valores"},"content":{"rendered":"<p><b>Miss\u00e3o<\/b><\/p>\n<p align=\"justify\">Promover o acesso e incentivar o uso e a gera\u00e7\u00e3o da informa\u00e7\u00e3o, contribuindo para a excel\u00eancia do ensino, pesquisa, cultura e extens\u00e3o, na \u00e1rea de engenharia e demais \u00e1reas do conhecimento correspondentes aos cursos das Unidades de Ensino e Pesquisa do Campus USP de S\u00e3o Carlos, com a utiliza\u00e7\u00e3o eficaz dos recursos p\u00fablicos.<\/p>\n<p><b>Vis\u00e3o<\/b><\/p>\n<p align=\"justify\">Ser reconhecida pelo nosso cliente, como uma biblioteca que disponibiliza e utiliza as Novas Tecnologias de Informa\u00e7\u00e3o e Comunica\u00e7\u00e3o para o acesso \u00e0 informa\u00e7\u00e3o, com acervo que atenda as necessidades das demandas, atrav\u00e9s de um atendimento \u00e1gil e qualificado.<\/p>\n<p><b>Valores<\/b><\/p>\n<p align=\"justify\">Manter o compromisso com a democratiza\u00e7\u00e3o do acesso \u00e0 informa\u00e7\u00e3o de forma equitativa, respeitando o patrim\u00f4nio, a \u00e9tica e os valores humanos.<\/p>\n","protected":false},"excerpt":{"rendered":"<p>Miss\u00e3o Promover o acesso e incentivar o uso e a gera\u00e7\u00e3o da informa\u00e7\u00e3o, contribuindo para a excel\u00eancia do ensino, pesquisa, cultura e extens\u00e3o, na \u00e1rea de engenharia e demais \u00e1reas do conhecimento correspondentes aos cursos das Unidades de Ensino e Pesquisa do Campus USP de S\u00e3o Carlos, com a utiliza\u00e7\u00e3o eficaz dos recursos p\u00fablicos. Vis\u00e3o [&hellip;]<\/p>\n","protected":false},"author":3,"featured_media":0,"parent":0,"menu_order":0,"comment_status":"open","ping_status":"closed","template":"","meta":{"footnotes":""},"class_list":["post-46","page","type-page","status-publish","hentry"],"_links":{"self":[{"href":"http:\/\/biblioteca.puspsc.usp.br\/index.php\/wp-json\/wp\/v2\/pages\/46","targetHints":{"allow":["GET"]}}],"collection":[{"href":"http:\/\/biblioteca.puspsc.usp.br\/index.php\/wp-json\/wp\/v2\/pages"}],"about":[{"href":"http:\/\/biblioteca.puspsc.usp.br\/index.php\/wp-json\/wp\/v2\/types\/page"}],"author":[{"embeddable":true,"href":"http:\/\/biblioteca.puspsc.usp.br\/index.php\/wp-json\/wp\/v2\/users\/3"}],"replies":[{"embeddable":true,"href":"http:\/\/biblioteca.puspsc.usp.br\/index.php\/wp-json\/wp\/v2\/comments?post=46"}],"version-history":[{"count":3,"href":"http:\/\/biblioteca.puspsc.usp.br\/index.php\/wp-json\/wp\/v2\/pages\/46\/revisions"}],"predecessor-version":[{"id":4986,"href":"http:\/\/biblioteca.puspsc.usp.br\/index.php\/wp-json\/wp\/v2\/pages\/46\/revisions\/4986"}],"wp:attachment":[{"href":"http:\/\/biblioteca.puspsc.usp.br\/index.php\/wp-json\/wp\/v2\/media?parent=46"}],"curies":[{"name":"wp","href":"https:\/\/api.w.org\/{rel}","templated":true}]}}